{"id":703,"date":"2023-07-29T06:30:21","date_gmt":"2023-07-29T06:30:21","guid":{"rendered":"https:\/\/wordpress.validthemes.net\/avrix\/?page_id=703"},"modified":"2025-02-21T20:03:30","modified_gmt":"2025-02-21T20:03:30","slug":"contact","status":"publish","type":"page","link":"https:\/\/www.mindmapmktdigital.com.br\/?page_id=703","title":{"rendered":"Contact"},"content":{"rendered":"\t\t<div data-elementor-type=\"wp-page\" data-elementor-id=\"703\" class=\"elementor elementor-703\" data-elementor-post-type=\"page\">\n\t\t\t\t<div class=\"elementor-element elementor-element-4476958 e-flex e-con-boxed e-con e-parent\" data-id=\"4476958\" data-element_type=\"container\">\n\t\t\t\t\t<div class=\"e-con-inner\">\n\t\t\t\t<div class=\"elementor-element elementor-element-75f512c elementor-widget__width-inherit elementor-widget elementor-widget-avrixheader\" data-id=\"75f512c\" data-element_type=\"widget\" data-widget_type=\"avrixheader.default\">\n\t\t\t\t<div class=\"elementor-widget-container\">\n\t\t\t<!-- Start Navigation --><nav class=\"navbar mobile-sidenav navbar-sticky navbar-default validnavs navbar-fixed white no-background\"><div class=\"container d-flex justify-content-between align-items-center\">            <!-- Start Header Navigation --><div class=\"navbar-header\"><button type=\"button\" class=\"navbar-toggle\" data-toggle=\"collapse\" data-target=\"#navbar-menu\"><i class=\"fa fa-bars\"><\/i><\/button><a class=\"navbar-brand\" href=\"#\"><img decoding=\"async\" src=\"https:\/\/www.mindmapmktdigital.com.br\/wp-content\/uploads\/2024\/10\/MKT_sFundoB.png\" alt=\"Mind%20Map%20MKT%20Digital\"  class=\"logo\" \/><\/a><\/div><!-- End Header Navigation --><!-- Collect the nav links, forms, and other content for toggling --><div class=\"collapse navbar-collapse\" id=\"navbar-menu\"><img decoding=\"async\" src=\"https:\/\/www.mindmapmktdigital.com.br\/wp-content\/uploads\/2024\/09\/MKT_sFundoP.png\" alt=\"Mind%20Map%20MKT%20Digital\"  \/><button type=\"button\" class=\"navbar-toggle\" data-toggle=\"collapse\" data-target=\"#navbar-menu\"><i class=\"fa fa-times\"><\/i><\/button><ul data-in=\"fadeInDown\" data-out=\"fadeOutUp\" class=\"nav navbar-nav navbar-center\" id=\"menu-primary-menu\"><li id=\"menu-item-536\" class=\"menu-item menu-item-type-custom menu-item-object-custom menu-item-has-children menu-item-536 dropdown\"><a   title=\"Sobre a Mind Map\" href=\"#\" class=\"dropdown-toggle\" data-toggle=\"dropdown\">Sobre a Mind Map<\/a>\n<ul class=\" dropdown-menu\" >\n\t<li id=\"menu-item-566\" class=\"menu-item menu-item-type-post_type menu-item-object-page menu-item-566\"><a   title=\"Sobre n\u00f3s\" href=\"https:\/\/www.mindmapmktdigital.com.br\/?page_id=551\">Sobre n\u00f3s<\/a><\/li>\n<\/ul>\n<\/li>\n<li id=\"menu-item-650\" class=\"menu-item menu-item-type-custom menu-item-object-custom menu-item-has-children menu-item-650 dropdown\"><a   title=\"Servi\u00e7os\" href=\"#\" class=\"dropdown-toggle\" data-toggle=\"dropdown\">Servi\u00e7os<\/a>\n<ul class=\" dropdown-menu\" >\n\t<li id=\"menu-item-1741\" class=\"menu-item menu-item-type-custom menu-item-object-custom menu-item-1741\"><a   title=\"Guia r\u00e1pido de servi\u00e7os\" href=\"https:\/\/www.mindmapmktdigital.com.br\/?page_id=1074\">Guia r\u00e1pido de servi\u00e7os<\/a><\/li>\n<\/ul>\n<\/li>\n<li id=\"menu-item-718\" class=\"menu-item menu-item-type-custom menu-item-object-custom menu-item-718\"><a   title=\"Blog\" href=\"https:\/\/www.mindmapmktdigital.com.br\/?page_id=1950\">Blog<\/a><\/li>\n<li id=\"menu-item-721\" class=\"menu-item menu-item-type-post_type menu-item-object-page menu-item-721\"><a   title=\"Contato\" href=\"https:\/\/www.mindmapmktdigital.com.br\/?page_id=703\">Contato<\/a><\/li>\n<\/ul> <\/div><!-- \/.navbar-collapse --><\/div>  <!-- Overlay screen for menu --><div class=\"overlay-screen\"><\/div><!-- End Overlay screen for menu --> <\/nav><!-- End Navigation -->\t\t<\/div>\n\t\t\t\t<\/div>\n\t\t\t\t\t<\/div>\n\t\t\t\t<\/div>\n\t\t<div class=\"elementor-element elementor-element-d5eed52 e-flex e-con-boxed e-con e-parent\" data-id=\"d5eed52\" data-element_type=\"container\">\n\t\t\t\t\t<div class=\"e-con-inner\">\n\t\t\t\t\t<\/div>\n\t\t\t\t<\/div>\n\t\t<div class=\"elementor-element elementor-element-4919c57 e-flex e-con-boxed e-con e-parent\" data-id=\"4919c57\" data-element_type=\"container\">\n\t\t\t\t\t<div class=\"e-con-inner\">\n\t\t\t\t\t<\/div>\n\t\t\t\t<\/div>\n\t\t<div class=\"elementor-element elementor-element-9452097 e-flex e-con-boxed e-con e-parent\" data-id=\"9452097\" data-element_type=\"container\">\n\t\t\t\t\t<div class=\"e-con-inner\">\n\t\t<div class=\"elementor-element elementor-element-2542f18 e-con-full e-flex e-con e-child\" data-id=\"2542f18\" data-element_type=\"container\">\n\t\t\t\t<div class=\"elementor-element elementor-element-832fe91 elementor-widget elementor-widget-html\" data-id=\"832fe91\" data-element_type=\"widget\" data-widget_type=\"html.default\">\n\t\t\t\t<div class=\"elementor-widget-container\">\n\t\t\t<h4 class=\"sub-title\"> Seja um cliente da mind map mkt digial<\/h4>\n<h2 class=\"title\">Informa\u00e7\u00f5es de contato<\/h2>\t\t<\/div>\n\t\t\t\t<\/div>\n\t\t\t\t<\/div>\n\t\t<div class=\"elementor-element elementor-element-7bbd4d9 e-con-full e-flex e-con e-child\" data-id=\"7bbd4d9\" data-element_type=\"container\">\n\t\t\t\t<div class=\"elementor-element elementor-element-cc0bb31 elementor-widget elementor-widget-html\" data-id=\"cc0bb31\" data-element_type=\"widget\" data-widget_type=\"html.default\">\n\t\t\t\t<div class=\"elementor-widget-container\">\n\t\t\t<h4 class=\"sub-title\">Solicite um or\u00e7amento agora mesmo!<\/h4>\n<h2 class=\"title\">Mande sua mensagem<\/h2>\t\t<\/div>\n\t\t\t\t<\/div>\n\t\t\t\t<\/div>\n\t\t\t\t\t<\/div>\n\t\t\t\t<\/div>\n\t\t<div class=\"elementor-element elementor-element-7e104bf e-flex e-con-boxed e-con e-parent\" data-id=\"7e104bf\" data-element_type=\"container\">\n\t\t\t\t\t<div class=\"e-con-inner\">\n\t\t<div class=\"elementor-element elementor-element-dc1f0a4 e-con-full e-flex e-con e-child\" data-id=\"dc1f0a4\" data-element_type=\"container\">\n\t\t\t\t<div class=\"elementor-element elementor-element-7fbdec5 elementor-widget elementor-widget-html\" data-id=\"7fbdec5\" data-element_type=\"widget\" data-widget_type=\"html.default\">\n\t\t\t\t<div class=\"elementor-widget-container\">\n\t\t\t<ul class=\"contact-address bg-dark text-light\" style=\"background-image: url(https:\/\/wordpress.validthemes.net\/avrix\/wp-content\/uploads\/2023\/07\/globe.png);\"><li><a class=\"phone-link\" href=\"tel:\r\n\">\r\n<\/a><\/li><li><div class=\"info\"><h4>Whats App Comercial<\/h4><p>+55 (41)  991599399<\/p><\/div><\/li><li><div class=\"info\"><h4>Email<\/h4><a href=\"mailto:contato@mindmap.mkt.com.br\">contato@mindmap.mkt.com.br<\/a><\/div><\/li><li><div class=\"info\"><ul class=\"social-link\"> <li><a target=\"_blank\" rel=\"nofollow\" href=\"https:\/\/www.facebook.com\/profile.php?id=61568114687481\"><i aria-hidden=\"true\" class=\"fab fa-facebook-f\"><\/i><\/a>  <\/li> <li><a target=\"_blank\" rel=\"nofollow\" href=\"https:\/\/www.instagram.com\/mindmap.mktdigital\/\"><svg xmlns=\"http:\/\/www.w3.org\/2000\/svg\" xmlns:xlink=\"http:\/\/www.w3.org\/1999\/xlink\" id=\"Layer_1\" viewBox=\"0 0 512 512\" xml:space=\"preserve\"><g><path d=\"M505,257c0,35.8,0.1,71.6,0,107.5c-0.2,52-24.4,90.5-67.6,117.7C412.1,498,384,505,354.2,505   c-65.2,0-130.3,0.3-195.5-0.1c-45.3-0.3-84.3-16.3-115.2-49.9c-19.1-20.8-30.5-45.3-33.8-73.6c-0.7-6-0.8-11.9-0.8-17.9   c0-71.3-0.1-142.6,0-213.9C9.2,97.5,33.4,59,76.6,31.8C102.1,15.9,130.3,9,160.3,9c65,0,130-0.3,195,0.1   c45.5,0.3,84.6,16.4,115.5,50.2c18.9,20.7,30.2,45.2,33.4,73.2c1.3,11,0.7,22,0.8,32.9C505.1,196,505,226.5,505,257z M46,257   c0,36.7-0.1,73.3,0,110c0.1,25.2,9.3,46.9,26.5,64.9c23.1,24.1,51.9,35.8,85,36c65.7,0.4,131.3,0.1,197,0.1   c21.2,0,41.4-4.6,59.8-15.2c34.4-19.7,53.8-48.7,53.8-89.3c0-72.2,0-144.3,0-216.5c0-25-9.1-46.6-26.2-64.5   c-22.9-24.2-51.8-36.1-84.8-36.3C290.7,45.7,224.4,46,158,46c-20.7,0-40.3,4.9-58.3,15.1C65.4,80.9,45.9,109.9,46,150.5   C46,186,46,221.5,46,257z\" fill=\"#A7A7A7\"><\/path><path d=\"M257.3,363c-64.6,0-116.4-51.6-116.3-116c0.1-62.7,52.6-114.1,116.7-114c64.4,0,116.4,51.7,116.3,115.5   C373.9,311.7,321.6,363,257.3,363z M257.3,326c43.9,0,79.7-34.9,79.7-77.8c0-43.1-35.5-78.2-79.3-78.2c-43.9,0-79.7,34.9-79.7,77.8   C178,290.9,213.5,326,257.3,326z\" fill=\"#A7A7A7\"><\/path><path d=\"M363,123.6c0-14.2,10.9-25.6,24.5-25.6c13.6,0,24.5,11.5,24.5,25.6c0,13.9-10.9,25.3-24.3,25.4   C374.1,149.1,363,137.8,363,123.6z\" fill=\"#A7A7A7\"><\/path><\/g><\/svg><\/a>  <\/li> <li><a target=\"_blank\" rel=\"nofollow\" href=\"https:\/\/www.linkedin.com\/company\/mkt-mind-map\/\"><svg aria-hidden=\"true\" class=\"e-font-icon-svg e-fab-linkedin-in\" viewBox=\"0 0 448 512\" xmlns=\"http:\/\/www.w3.org\/2000\/svg\"><path d=\"M100.28 448H7.4V148.9h92.88zM53.79 108.1C24.09 108.1 0 83.5 0 53.8a53.79 53.79 0 0 1 107.58 0c0 29.7-24.1 54.3-53.79 54.3zM447.9 448h-92.68V302.4c0-34.7-.7-79.2-48.29-79.2-48.29 0-55.69 37.7-55.69 76.7V448h-92.78V148.9h89.08v40.8h1.3c12.4-23.5 42.69-48.3 87.88-48.3 94 0 111.28 61.9 111.28 142.3V448z\"><\/path><\/svg><\/a>  <\/li><\/ul><\/div><\/li><\/ul>\t\t<\/div>\n\t\t\t\t<\/div>\n\t\t\t\t<\/div>\n\t\t<div class=\"elementor-element elementor-element-528efbe e-con-full e-flex e-con e-child\" data-id=\"528efbe\" data-element_type=\"container\">\n\t\t\t\t<div class=\"elementor-element elementor-element-1aaba46 elementor-button-align-stretch elementor-widget elementor-widget-form\" data-id=\"1aaba46\" data-element_type=\"widget\" data-settings=\"{&quot;step_next_label&quot;:&quot;Pr\\u00f3ximo&quot;,&quot;step_previous_label&quot;:&quot;Anterior&quot;,&quot;button_width&quot;:&quot;100&quot;,&quot;step_type&quot;:&quot;number_text&quot;,&quot;step_icon_shape&quot;:&quot;circle&quot;}\" data-widget_type=\"form.default\">\n\t\t\t\t<div class=\"elementor-widget-container\">\n\t\t\t\t\t<form class=\"elementor-form\" method=\"post\" name=\"Novo contato\">\n\t\t\t<input type=\"hidden\" name=\"post_id\" value=\"703\"\/>\n\t\t\t<input type=\"hidden\" name=\"form_id\" value=\"1aaba46\"\/>\n\t\t\t<input type=\"hidden\" name=\"referer_title\" value=\"Contact - Mind Map MKT Digital\" \/>\n\n\t\t\t\t\t\t\t<input type=\"hidden\" name=\"queried_id\" value=\"703\"\/>\n\t\t\t\n\t\t\t<div class=\"elementor-form-fields-wrapper elementor-labels-above\">\n\t\t\t\t\t\t\t\t<div class=\"elementor-field-type-text elementor-field-group elementor-column elementor-field-group-name elementor-col-100\">\n\t\t\t\t\t\t\t\t\t\t\t\t<label for=\"form-field-name\" class=\"elementor-field-label\">\n\t\t\t\t\t\t\t\tNome\t\t\t\t\t\t\t<\/label>\n\t\t\t\t\t\t\t\t\t\t\t\t\t\t<input size=\"1\" type=\"text\" name=\"form_fields[name]\" id=\"form-field-name\" class=\"elementor-field elementor-size-md  elementor-field-textual\" placeholder=\"Nome\">\n\t\t\t\t\t\t\t\t\t\t\t<\/div>\n\t\t\t\t\t\t\t\t<div class=\"elementor-field-type-email elementor-field-group elementor-column elementor-field-group-email elementor-col-100 elementor-field-required\">\n\t\t\t\t\t\t\t\t\t\t\t\t<label for=\"form-field-email\" class=\"elementor-field-label\">\n\t\t\t\t\t\t\t\tE-mail\t\t\t\t\t\t\t<\/label>\n\t\t\t\t\t\t\t\t\t\t\t\t\t\t<input size=\"1\" type=\"email\" name=\"form_fields[email]\" id=\"form-field-email\" class=\"elementor-field elementor-size-md  elementor-field-textual\" placeholder=\"Email\" required=\"required\" aria-required=\"true\">\n\t\t\t\t\t\t\t\t\t\t\t<\/div>\n\t\t\t\t\t\t\t\t<div class=\"elementor-field-type-textarea elementor-field-group elementor-column elementor-field-group-message elementor-col-100\">\n\t\t\t\t\t\t\t\t\t\t\t\t<label for=\"form-field-message\" class=\"elementor-field-label\">\n\t\t\t\t\t\t\t\tMensagem\t\t\t\t\t\t\t<\/label>\n\t\t\t\t\t\t<textarea class=\"elementor-field-textual elementor-field  elementor-size-md\" name=\"form_fields[message]\" id=\"form-field-message\" rows=\"4\" placeholder=\"Mensagem\"><\/textarea>\t\t\t\t<\/div>\n\t\t\t\t\t\t\t\t<div class=\"elementor-field-group elementor-column elementor-field-type-submit elementor-col-100 e-form__buttons\">\n\t\t\t\t\t<button class=\"elementor-button elementor-size-md\" type=\"submit\">\n\t\t\t\t\t\t<span class=\"elementor-button-content-wrapper\">\n\t\t\t\t\t\t\t\t\t\t\t\t\t\t\t\t\t\t\t\t\t\t<span class=\"elementor-button-text\">Enviar<\/span>\n\t\t\t\t\t\t\t\t\t\t\t\t\t<\/span>\n\t\t\t\t\t<\/button>\n\t\t\t\t<\/div>\n\t\t\t<\/div>\n\t\t<\/form>\n\t\t\t\t<\/div>\n\t\t\t\t<\/div>\n\t\t\t\t<\/div>\n\t\t\t\t\t<\/div>\n\t\t\t\t<\/div>\n\t\t<div class=\"elementor-element elementor-element-971fd20 e-flex e-con-boxed e-con e-parent\" data-id=\"971fd20\" data-element_type=\"container\">\n\t\t\t\t\t<div class=\"e-con-inner\">\n\t\t\t\t<div class=\"elementor-element elementor-element-6a34111 elementor-widget elementor-widget-html\" data-id=\"6a34111\" data-element_type=\"widget\" data-widget_type=\"html.default\">\n\t\t\t\t<div class=\"elementor-widget-container\">\n\t\t\t<footer class=\" footer-custom-style\"><div class=\"footer-box\"><div class=\"container\"><div class=\"f-items default-padding-bottom pt-70 pt-xs-0\"><div class=\"row\"><div class=\"col-lg-3 col-md-6 footer-item mt-50\"><div id=\"avrix_aboutus_widget-1\" class=\"widget footer-widget no-class\"><div class=\"f-item about pr-50 pr-xs-0 pr-md-0 \"><img decoding=\"async\" src=\"https:\/\/www.mindmapmktdigital.com.br\/wp-content\/uploads\/2024\/09\/MKT_sFundoP.png\" alt=\"Mind%20Map%20MKT%20Digital\" class=\"logo\"><p>Sua identidade define quem voc\u00ea \u00e9, sua estrat\u00e9gia mostra at\u00e9 onde pode chegar. Fa\u00e7a seu Marketing Digital com quem entende! <\/p><div class=\"footer-social mt-30\"><ul><li><a href=\"https:\/\/www.facebook.com\/profile.php?id=61568114687481\"><i class=\"fab fa-facebook-f\"><\/i><\/a><\/li><li><a href=\"https:\/\/www.instagram.com\/mindmap.mktdigital\/\"><i class=\"fab fa-instagram\"><\/i><\/a><\/li><li><a href=\"https:\/\/www.fa-instagram.com\/company\/mkt-mind-map\/r=true\"><i class=\"fab fa-linkedin-in\"><\/i><\/a><\/li><\/ul><\/div><\/div><\/div><\/div><div class=\"col-lg-3 col-md-6 mt-50 footer-item pl-50 pl-md-15 pl-xs-15\"><div id=\"nav_menu-1\" class=\"f-item link footer-widget widget_nav_menu\"><h4 class=\"widget-title\">Seja Notado <\/h4><div class=\"menu-principal-container\"><ul id=\"menu-principal\" class=\"menu\">\r\n<\/h4><p> Destaque-se com as melhores estrat\u00e9gias digitais, por meio do storytelling, marketing digital, realidade aumentada e 3D.<\/p>\r\n\r\n<\/ul><\/div><\/div><\/div><div class=\"col-lg-3 col-md-6 footer-item  mt-50\"><div id=\"avrix_contact_info_widget-1\" class=\" footer-widget f-item contact\"><!-- About Widget Start --><h4 class=\"widget-title\">Contato<\/h4><ul><li><div class=\"content\"><strong><\/strong>Curitiba - Brasil <\/div><\/li><li><div class=\"content\"><strong>Email:<\/strong><a href=\"mailto:contato@mindmapmktdigital.com.br\">contato@mindmapmktdigital.com.br<\/a><\/div><\/li><li><div class=\"content\"><strong>Whats App Comercial<\/strong><a href=\"tel:+55 (41) 991599399 \">+55 (41) 99159-9399<\/a><\/div><\/li><\/ul><\/div><\/div><!-- About Widget End --><div class=\"col-lg-3 col-md-6 footer-item mt-50\"><div id=\"avrix_cta_widget-1\" class=\"footer-widget f-item newsletter\"><h4 class=\"widget-title\">Newsletter<\/h4><p> Se inscreva para receber dicas valiosas sobre Marketing Digital. <\/p><form class=\"newsletter-form\"><input type=\"e-mail\" placeholder=\"E-mail\" class=\"form-control\" name=\"email\"><button type=\"submit\"> <i class=\"fas fa-arrow-right\"><\/i><\/button>  <\/form><\/div><\/div><!-- End of Author Widget --><\/div><\/div><\/div><!-- Start Footer Bottom --><div class=\"footer-bottom bg-dark text-light text-center\"><div class=\"container\"><div class=\"row\"><div class=\"col-lg-9 offset-lg-3\"><p>Mind Map MKT Digital - Todos os direitos reservados. \r\n<\/footer>\t\t<\/div>\n\t\t\t\t<\/div>\n\t\t\t\t\t<\/div>\n\t\t\t\t<\/div>\n\t\t\t\t<\/div>\n\t\t","protected":false},"excerpt":{"rendered":"<p>Sobre a Mind Map Sobre n\u00f3s Servi\u00e7os Guia r\u00e1pido de servi\u00e7os Blog Contato Seja um cliente da mind map mkt digial Informa\u00e7\u00f5es de contato Solicite um or\u00e7amento agora mesmo! Mande sua mensagem Whats App Comercial +55 (41) 991599399 Email contato@mindmap.mkt.com.br Sua identidade define quem voc\u00ea \u00e9, sua estrat\u00e9gia mostra at\u00e9 onde pode chegar. Fa\u00e7a seu&#8230;<\/p>\n","protected":false},"author":1,"featured_media":0,"parent":0,"menu_order":0,"comment_status":"closed","ping_status":"closed","template":"template-builder.php","meta":{"footnotes":""},"class_list":["post-703","page","type-page","status-publish","hentry"],"yoast_head":"<!-- This site is optimized with the Yoast SEO plugin v23.9 - https:\/\/yoast.com\/wordpress\/plugins\/seo\/ -->\n<title>Contact - Mind Map MKT Digital<\/title>\n<meta name=\"robots\" content=\"index, follow, max-snippet:-1, max-image-preview:large, max-video-preview:-1\" \/>\n<link rel=\"canonical\" href=\"https:\/\/www.mindmapmktdigital.com.br\/?page_id=703\" \/>\n<meta property=\"og:locale\" content=\"pt_BR\" \/>\n<meta property=\"og:type\" content=\"article\" \/>\n<meta property=\"og:title\" content=\"Contact - Mind Map MKT Digital\" \/>\n<meta property=\"og:description\" content=\"Sobre a Mind Map Sobre n\u00f3s Servi\u00e7os Guia r\u00e1pido de servi\u00e7os Blog Contato Seja um cliente da mind map mkt digial Informa\u00e7\u00f5es de contato Solicite um or\u00e7amento agora mesmo! Mande sua mensagem Whats App Comercial +55 (41) 991599399 Email contato@mindmap.mkt.com.br Sua identidade define quem voc\u00ea \u00e9, sua estrat\u00e9gia mostra at\u00e9 onde pode chegar. Fa\u00e7a seu...\" \/>\n<meta property=\"og:url\" content=\"https:\/\/www.mindmapmktdigital.com.br\/?page_id=703\" \/>\n<meta property=\"og:site_name\" content=\"Mind Map MKT Digital\" \/>\n<meta property=\"article:modified_time\" content=\"2025-02-21T20:03:30+00:00\" \/>\n<meta property=\"og:image\" content=\"https:\/\/www.mindmapmktdigital.com.br\/wp-content\/uploads\/2024\/10\/MKT_sFundoB.png\" \/>\n<meta name=\"twitter:card\" content=\"summary_large_image\" \/>\n<meta name=\"twitter:label1\" content=\"Est. tempo de leitura\" \/>\n\t<meta name=\"twitter:data1\" content=\"2 minutos\" \/>\n<script type=\"application\/ld+json\" class=\"yoast-schema-graph\">{\"@context\":\"https:\/\/schema.org\",\"@graph\":[{\"@type\":\"WebPage\",\"@id\":\"https:\/\/www.mindmapmktdigital.com.br\/?page_id=703\",\"url\":\"https:\/\/www.mindmapmktdigital.com.br\/?page_id=703\",\"name\":\"Contact - Mind Map MKT Digital\",\"isPartOf\":{\"@id\":\"https:\/\/www.mindmapmktdigital.com.br\/#website\"},\"primaryImageOfPage\":{\"@id\":\"https:\/\/www.mindmapmktdigital.com.br\/?page_id=703#primaryimage\"},\"image\":{\"@id\":\"https:\/\/www.mindmapmktdigital.com.br\/?page_id=703#primaryimage\"},\"thumbnailUrl\":\"https:\/\/www.mindmapmktdigital.com.br\/wp-content\/uploads\/2024\/10\/MKT_sFundoB.png\",\"datePublished\":\"2023-07-29T06:30:21+00:00\",\"dateModified\":\"2025-02-21T20:03:30+00:00\",\"breadcrumb\":{\"@id\":\"https:\/\/www.mindmapmktdigital.com.br\/?page_id=703#breadcrumb\"},\"inLanguage\":\"pt-BR\",\"potentialAction\":[{\"@type\":\"ReadAction\",\"target\":[\"https:\/\/www.mindmapmktdigital.com.br\/?page_id=703\"]}]},{\"@type\":\"ImageObject\",\"inLanguage\":\"pt-BR\",\"@id\":\"https:\/\/www.mindmapmktdigital.com.br\/?page_id=703#primaryimage\",\"url\":\"https:\/\/www.mindmapmktdigital.com.br\/wp-content\/uploads\/2024\/10\/MKT_sFundoB.png\",\"contentUrl\":\"https:\/\/www.mindmapmktdigital.com.br\/wp-content\/uploads\/2024\/10\/MKT_sFundoB.png\"},{\"@type\":\"BreadcrumbList\",\"@id\":\"https:\/\/www.mindmapmktdigital.com.br\/?page_id=703#breadcrumb\",\"itemListElement\":[{\"@type\":\"ListItem\",\"position\":1,\"name\":\"In\u00edcio\",\"item\":\"https:\/\/www.mindmapmktdigital.com.br\/\"},{\"@type\":\"ListItem\",\"position\":2,\"name\":\"Contact\"}]},{\"@type\":\"WebSite\",\"@id\":\"https:\/\/www.mindmapmktdigital.com.br\/#website\",\"url\":\"https:\/\/www.mindmapmktdigital.com.br\/\",\"name\":\"Mind Map MKT Digital\",\"description\":\" \u2728 Destaque sua marca com storytelling, mkt digital, RA e 3D.\",\"publisher\":{\"@id\":\"https:\/\/www.mindmapmktdigital.com.br\/#organization\"},\"potentialAction\":[{\"@type\":\"SearchAction\",\"target\":{\"@type\":\"EntryPoint\",\"urlTemplate\":\"https:\/\/www.mindmapmktdigital.com.br\/?s={search_term_string}\"},\"query-input\":{\"@type\":\"PropertyValueSpecification\",\"valueRequired\":true,\"valueName\":\"search_term_string\"}}],\"inLanguage\":\"pt-BR\"},{\"@type\":\"Organization\",\"@id\":\"https:\/\/www.mindmapmktdigital.com.br\/#organization\",\"name\":\"Mind Map MKT Digital\",\"url\":\"https:\/\/www.mindmapmktdigital.com.br\/\",\"logo\":{\"@type\":\"ImageObject\",\"inLanguage\":\"pt-BR\",\"@id\":\"https:\/\/www.mindmapmktdigital.com.br\/#\/schema\/logo\/image\/\",\"url\":\"https:\/\/www.mindmapmktdigital.com.br\/wp-content\/uploads\/2024\/10\/MKT_sFundoB.png\",\"contentUrl\":\"https:\/\/www.mindmapmktdigital.com.br\/wp-content\/uploads\/2024\/10\/MKT_sFundoB.png\",\"width\":1645,\"height\":729,\"caption\":\"Mind Map MKT Digital\"},\"image\":{\"@id\":\"https:\/\/www.mindmapmktdigital.com.br\/#\/schema\/logo\/image\/\"}}]}<\/script>\n<!-- \/ Yoast SEO plugin. -->","yoast_head_json":{"title":"Contact - Mind Map MKT Digital","robots":{"index":"index","follow":"follow","max-snippet":"max-snippet:-1","max-image-preview":"max-image-preview:large","max-video-preview":"max-video-preview:-1"},"canonical":"https:\/\/www.mindmapmktdigital.com.br\/?page_id=703","og_locale":"pt_BR","og_type":"article","og_title":"Contact - Mind Map MKT Digital","og_description":"Sobre a Mind Map Sobre n\u00f3s Servi\u00e7os Guia r\u00e1pido de servi\u00e7os Blog Contato Seja um cliente da mind map mkt digial Informa\u00e7\u00f5es de contato Solicite um or\u00e7amento agora mesmo! Mande sua mensagem Whats App Comercial +55 (41) 991599399 Email contato@mindmap.mkt.com.br Sua identidade define quem voc\u00ea \u00e9, sua estrat\u00e9gia mostra at\u00e9 onde pode chegar. Fa\u00e7a seu...","og_url":"https:\/\/www.mindmapmktdigital.com.br\/?page_id=703","og_site_name":"Mind Map MKT Digital","article_modified_time":"2025-02-21T20:03:30+00:00","og_image":[{"url":"https:\/\/www.mindmapmktdigital.com.br\/wp-content\/uploads\/2024\/10\/MKT_sFundoB.png"}],"twitter_card":"summary_large_image","twitter_misc":{"Est. tempo de leitura":"2 minutos"},"schema":{"@context":"https:\/\/schema.org","@graph":[{"@type":"WebPage","@id":"https:\/\/www.mindmapmktdigital.com.br\/?page_id=703","url":"https:\/\/www.mindmapmktdigital.com.br\/?page_id=703","name":"Contact - Mind Map MKT Digital","isPartOf":{"@id":"https:\/\/www.mindmapmktdigital.com.br\/#website"},"primaryImageOfPage":{"@id":"https:\/\/www.mindmapmktdigital.com.br\/?page_id=703#primaryimage"},"image":{"@id":"https:\/\/www.mindmapmktdigital.com.br\/?page_id=703#primaryimage"},"thumbnailUrl":"https:\/\/www.mindmapmktdigital.com.br\/wp-content\/uploads\/2024\/10\/MKT_sFundoB.png","datePublished":"2023-07-29T06:30:21+00:00","dateModified":"2025-02-21T20:03:30+00:00","breadcrumb":{"@id":"https:\/\/www.mindmapmktdigital.com.br\/?page_id=703#breadcrumb"},"inLanguage":"pt-BR","potentialAction":[{"@type":"ReadAction","target":["https:\/\/www.mindmapmktdigital.com.br\/?page_id=703"]}]},{"@type":"ImageObject","inLanguage":"pt-BR","@id":"https:\/\/www.mindmapmktdigital.com.br\/?page_id=703#primaryimage","url":"https:\/\/www.mindmapmktdigital.com.br\/wp-content\/uploads\/2024\/10\/MKT_sFundoB.png","contentUrl":"https:\/\/www.mindmapmktdigital.com.br\/wp-content\/uploads\/2024\/10\/MKT_sFundoB.png"},{"@type":"BreadcrumbList","@id":"https:\/\/www.mindmapmktdigital.com.br\/?page_id=703#breadcrumb","itemListElement":[{"@type":"ListItem","position":1,"name":"In\u00edcio","item":"https:\/\/www.mindmapmktdigital.com.br\/"},{"@type":"ListItem","position":2,"name":"Contact"}]},{"@type":"WebSite","@id":"https:\/\/www.mindmapmktdigital.com.br\/#website","url":"https:\/\/www.mindmapmktdigital.com.br\/","name":"Mind Map MKT Digital","description":" \u2728 Destaque sua marca com storytelling, mkt digital, RA e 3D.","publisher":{"@id":"https:\/\/www.mindmapmktdigital.com.br\/#organization"},"potentialAction":[{"@type":"SearchAction","target":{"@type":"EntryPoint","urlTemplate":"https:\/\/www.mindmapmktdigital.com.br\/?s={search_term_string}"},"query-input":{"@type":"PropertyValueSpecification","valueRequired":true,"valueName":"search_term_string"}}],"inLanguage":"pt-BR"},{"@type":"Organization","@id":"https:\/\/www.mindmapmktdigital.com.br\/#organization","name":"Mind Map MKT Digital","url":"https:\/\/www.mindmapmktdigital.com.br\/","logo":{"@type":"ImageObject","inLanguage":"pt-BR","@id":"https:\/\/www.mindmapmktdigital.com.br\/#\/schema\/logo\/image\/","url":"https:\/\/www.mindmapmktdigital.com.br\/wp-content\/uploads\/2024\/10\/MKT_sFundoB.png","contentUrl":"https:\/\/www.mindmapmktdigital.com.br\/wp-content\/uploads\/2024\/10\/MKT_sFundoB.png","width":1645,"height":729,"caption":"Mind Map MKT Digital"},"image":{"@id":"https:\/\/www.mindmapmktdigital.com.br\/#\/schema\/logo\/image\/"}}]}},"_links":{"self":[{"href":"https:\/\/www.mindmapmktdigital.com.br\/index.php?rest_route=\/wp\/v2\/pages\/703","targetHints":{"allow":["GET"]}}],"collection":[{"href":"https:\/\/www.mindmapmktdigital.com.br\/index.php?rest_route=\/wp\/v2\/pages"}],"about":[{"href":"https:\/\/www.mindmapmktdigital.com.br\/index.php?rest_route=\/wp\/v2\/types\/page"}],"author":[{"embeddable":true,"href":"https:\/\/www.mindmapmktdigital.com.br\/index.php?rest_route=\/wp\/v2\/users\/1"}],"replies":[{"embeddable":true,"href":"https:\/\/www.mindmapmktdigital.com.br\/index.php?rest_route=%2Fwp%2Fv2%2Fcomments&post=703"}],"version-history":[{"count":24,"href":"https:\/\/www.mindmapmktdigital.com.br\/index.php?rest_route=\/wp\/v2\/pages\/703\/revisions"}],"predecessor-version":[{"id":2301,"href":"https:\/\/www.mindmapmktdigital.com.br\/index.php?rest_route=\/wp\/v2\/pages\/703\/revisions\/2301"}],"wp:attachment":[{"href":"https:\/\/www.mindmapmktdigital.com.br\/index.php?rest_route=%2Fwp%2Fv2%2Fmedia&parent=703"}],"curies":[{"name":"wp","href":"https:\/\/api.w.org\/{rel}","templated":true}]}}